{"id":436,"date":"2016-06-03T17:01:07","date_gmt":"2016-06-03T16:01:07","guid":{"rendered":"http:\/\/eclisseetbrindille.fr\/?page_id=436"},"modified":"2024-12-05T21:46:35","modified_gmt":"2024-12-05T20:46:35","slug":"mangeoires-et-nichoirs","status":"publish","type":"page","link":"https:\/\/eclisseetbrindille.fr\/index.php\/mangeoires-et-nichoirs\/","title":{"rendered":"Mangeoires, nichoirs et lanternes"},"content":{"rendered":"\n<p>Pour accueillir et nourrir les oiseaux l&rsquo;hiver (en y d\u00e9posant des graines de tournesol) &#8230; ou \u00e0 utiliser comme lanterne (bougie LED uniquement) pour les mod\u00e8les sans tige centrale<\/p>\n\n\n\n<figure class=\"wp-block-gallery has-nested-images columns-default is-cropped wp-block-gallery-1 is-layout-flex wp-block-gallery-is-layout-flex\"><\/figure>\n\n\n<div class=\"wp-block-image\">\n<figure class=\"alignleft\"><img loading=\"lazy\" decoding=\"async\" width=\"811\" height=\"1024\" src=\"http:\/\/eclisseetbrindille.fr\/wp-content\/uploads\/2016\/08\/Lanternes-Mangeoires-811x1024.jpg\" alt=\"Lanternes Mangeoires\" class=\"wp-image-603\" srcset=\"https:\/\/eclisseetbrindille.fr\/wp-content\/uploads\/2016\/08\/Lanternes-Mangeoires-811x1024.jpg 811w, https:\/\/eclisseetbrindille.fr\/wp-content\/uploads\/2016\/08\/Lanternes-Mangeoires-237x300.jpg 237w, https:\/\/eclisseetbrindille.fr\/wp-content\/uploads\/2016\/08\/Lanternes-Mangeoires-768x970.jpg 768w\" sizes=\"auto, (max-width: 811px) 100vw, 811px\" \/><\/figure>\n<\/div>\n\n\n<p><\/p>\n\n\n<div class=\"wp-block-image\">\n<figure class=\"alignleft\"><a href=\"http:\/\/eclisseetbrindille.fr\/wp-content\/uploads\/2017\/11\/Mangeoire-rustique-forme-goutte-deau.jpg\"><img loading=\"lazy\" decoding=\"async\" width=\"205\" height=\"300\" src=\"http:\/\/eclisseetbrindille.fr\/wp-content\/uploads\/2017\/11\/Mangeoire-rustique-forme-goutte-deau-205x300.jpg\" alt=\"\" class=\"wp-image-836\" srcset=\"https:\/\/eclisseetbrindille.fr\/wp-content\/uploads\/2017\/11\/Mangeoire-rustique-forme-goutte-deau-205x300.jpg 205w, https:\/\/eclisseetbrindille.fr\/wp-content\/uploads\/2017\/11\/Mangeoire-rustique-forme-goutte-deau-768x1125.jpg 768w, https:\/\/eclisseetbrindille.fr\/wp-content\/uploads\/2017\/11\/Mangeoire-rustique-forme-goutte-deau-699x1024.jpg 699w\" sizes=\"auto, (max-width: 205px) 100vw, 205px\" \/><\/a><figcaption class=\"wp-element-caption\">Mangeoire rustique forme goutte d&rsquo;eau<\/figcaption><\/figure>\n<\/div>\n\n<div class=\"wp-block-image\">\n<figure class=\"alignleft\"><a href=\"http:\/\/eclisseetbrindille.fr\/wp-content\/uploads\/2017\/11\/Mangeoire-oiseaux-noisetier-tortueux.jpg\"><img loading=\"lazy\" decoding=\"async\" width=\"204\" height=\"300\" src=\"http:\/\/eclisseetbrindille.fr\/wp-content\/uploads\/2017\/11\/Mangeoire-oiseaux-noisetier-tortueux-204x300.jpg\" alt=\"\" class=\"wp-image-835\" srcset=\"https:\/\/eclisseetbrindille.fr\/wp-content\/uploads\/2017\/11\/Mangeoire-oiseaux-noisetier-tortueux-204x300.jpg 204w, https:\/\/eclisseetbrindille.fr\/wp-content\/uploads\/2017\/11\/Mangeoire-oiseaux-noisetier-tortueux-768x1130.jpg 768w, https:\/\/eclisseetbrindille.fr\/wp-content\/uploads\/2017\/11\/Mangeoire-oiseaux-noisetier-tortueux-696x1024.jpg 696w\" sizes=\"auto, (max-width: 204px) 100vw, 204px\" \/><\/a><figcaption class=\"wp-element-caption\">Mangeoire oiseaux noisetier tortueux<\/figcaption><\/figure>\n<\/div>\n\n<div class=\"wp-block-image\">\n<figure class=\"alignleft\"><a href=\"http:\/\/eclisseetbrindille.fr\/wp-content\/uploads\/2017\/11\/Petite-mangeoire-pour-les-oiseaux.jpg\"><img loading=\"lazy\" decoding=\"async\" width=\"166\" height=\"300\" src=\"http:\/\/eclisseetbrindille.fr\/wp-content\/uploads\/2017\/11\/Petite-mangeoire-pour-les-oiseaux-166x300.jpg\" alt=\"\" class=\"wp-image-832\" srcset=\"https:\/\/eclisseetbrindille.fr\/wp-content\/uploads\/2017\/11\/Petite-mangeoire-pour-les-oiseaux-166x300.jpg 166w, https:\/\/eclisseetbrindille.fr\/wp-content\/uploads\/2017\/11\/Petite-mangeoire-pour-les-oiseaux-768x1385.jpg 768w, https:\/\/eclisseetbrindille.fr\/wp-content\/uploads\/2017\/11\/Petite-mangeoire-pour-les-oiseaux-568x1024.jpg 568w\" sizes=\"auto, (max-width: 166px) 100vw, 166px\" \/><\/a><figcaption class=\"wp-element-caption\">Petite mangeoire pour les oiseaux<\/figcaption><\/figure>\n<\/div>\n\n\n<div class=\"wp-block-columns is-layout-flex wp-container-core-columns-is-layout-9d6595d7 wp-block-columns-is-layout-flex\">\n<div class=\"wp-block-column is-layout-flow wp-block-column-is-layout-flow\" style=\"flex-basis:33.34%\"><\/div>\n\n\n\n<div class=\"wp-block-column is-layout-flow wp-block-column-is-layout-flow\" style=\"flex-basis:33.33%\"><\/div>\n\n\n\n<div class=\"wp-block-column is-layout-flow wp-block-column-is-layout-flow\" style=\"flex-basis:33.33%\"><\/div>\n<\/div>\n","protected":false},"excerpt":{"rendered":"<p>Pour accueillir et nourrir les oiseaux l&rsquo;hiver (en y d\u00e9posant des graines de tournesol) &#8230; ou \u00e0 utiliser comme lanterne (bougie LED uniquement) pour les mod\u00e8les sans tige centrale<\/p>\n","protected":false},"author":1,"featured_media":0,"parent":0,"menu_order":0,"comment_status":"closed","ping_status":"closed","template":"","meta":{"footnotes":""},"class_list":["post-436","page","type-page","status-publish","hentry"],"_links":{"self":[{"href":"https:\/\/eclisseetbrindille.fr\/index.php\/wp-json\/wp\/v2\/pages\/436","targetHints":{"allow":["GET"]}}],"collection":[{"href":"https:\/\/eclisseetbrindille.fr\/index.php\/wp-json\/wp\/v2\/pages"}],"about":[{"href":"https:\/\/eclisseetbrindille.fr\/index.php\/wp-json\/wp\/v2\/types\/page"}],"author":[{"embeddable":true,"href":"https:\/\/eclisseetbrindille.fr\/index.php\/wp-json\/wp\/v2\/users\/1"}],"replies":[{"embeddable":true,"href":"https:\/\/eclisseetbrindille.fr\/index.php\/wp-json\/wp\/v2\/comments?post=436"}],"version-history":[{"count":25,"href":"https:\/\/eclisseetbrindille.fr\/index.php\/wp-json\/wp\/v2\/pages\/436\/revisions"}],"predecessor-version":[{"id":1747,"href":"https:\/\/eclisseetbrindille.fr\/index.php\/wp-json\/wp\/v2\/pages\/436\/revisions\/1747"}],"wp:attachment":[{"href":"https:\/\/eclisseetbrindille.fr\/index.php\/wp-json\/wp\/v2\/media?parent=436"}],"curies":[{"name":"wp","href":"https:\/\/api.w.org\/{rel}","templated":true}]}}