{"id":1720,"date":"2024-12-04T21:46:31","date_gmt":"2024-12-04T20:46:31","guid":{"rendered":"https:\/\/eclisseetbrindille.fr\/?page_id=1720"},"modified":"2026-03-14T21:01:10","modified_gmt":"2026-03-14T20:01:10","slug":"stages","status":"publish","type":"page","link":"https:\/\/eclisseetbrindille.fr\/index.php\/stages\/","title":{"rendered":"Stages"},"content":{"rendered":"\n<p class=\"has-text-align-center\" style=\"font-size:34px\"><strong>D\u00e9couvrez la Vannerie Sauvage !<\/strong><\/p>\n\n\n\n<p>Envie de vous initier \u00e0 la vannerie sauvage ? Je vous propose un stage d&rsquo;une journ\u00e9e (6 \u00e0 7 h) pour 3 \u00e0 4 personnes, au tarif de 70 \u20ac par personne.<\/p>\n\n\n\n<p><strong>Programme de la journ\u00e9e :<\/strong><\/p>\n\n\n\n<ul class=\"wp-block-list\">\n<li><strong>D\u00e9but \u00e0 9h<\/strong> : Nous commencerons par une pr\u00e9sentation de la vannerie sur arceaux, ainsi que l&rsquo;utilisation des outils, la reconnaissance des v\u00e9g\u00e9taux et leur pr\u00e9paration.<\/li>\n\n\n\n<li><strong>Repas partag\u00e9 vers midi ou 13h<\/strong> : Apportez un dessert ou une entr\u00e9e, du fromage ou des fruits, et nous nous occupons du reste.<\/li>\n\n\n\n<li><strong>Reprise des activit\u00e9s l&rsquo;apr\u00e8s-midi<\/strong> : Vous apprendrez \u00e0 pr\u00e9parer la structure d&rsquo;une vannerie (anse, bordure haute, arceaux) et \u00e0 travailler les \u00e9clisses (viorne lantane, noisetier, cornouiller sanguin et autres v\u00e9g\u00e9taux), ainsi qu&rsquo;\u00e0 ma\u00eetriser les techniques de tressage.<\/li>\n<\/ul>\n\n\n\n<p class=\"has-text-align-left\" style=\"font-size:18px\"><strong>Objectif du stage :<\/strong> En fonction de vos capacit\u00e9s, vous r\u00e9aliserez tout ou partie des \u00e9tapes de fabrication d&rsquo;un objet, comme une mangeoire pour les oiseaux. Vous pourrez ensuite continuer \u00e0 pratiquer et \u00e0 exp\u00e9rimenter chez vous, \u00e0 votre rythme et en toute autonomie.<\/p>\n\n\n\n<p class=\"has-text-align-center\" style=\"font-size:18px\"><\/p>\n\n\n\n<p class=\"has-text-align-center\">Prochains stages : <\/p>\n\n\n\n<p class=\"has-text-align-center\"> Samedi 25 avril (complet)<\/p>\n\n\n\n<p class=\"has-text-align-center\">Pour d&rsquo;autres dates me contacter : eclisse.et.brindille@gmail.com<\/p>\n\n\n\n<p><\/p>\n","protected":false},"excerpt":{"rendered":"<p>D\u00e9couvrez la Vannerie Sauvage ! Envie de vous initier \u00e0 la vannerie sauvage ? Je vous propose un stage d&rsquo;une journ\u00e9e (6 \u00e0 7 h) pour 3 \u00e0 4 personnes, au tarif de 70 \u20ac par personne. Programme de la journ\u00e9e : Objectif du stage : En fonction de vos capacit\u00e9s, vous r\u00e9aliserez tout ou&#8230; <a class=\"moretag\" href=\"https:\/\/eclisseetbrindille.fr\/index.php\/stages\/\">Continue Reading<\/a><\/p>\n","protected":false},"author":1,"featured_media":0,"parent":0,"menu_order":0,"comment_status":"closed","ping_status":"closed","template":"","meta":{"footnotes":""},"class_list":["post-1720","page","type-page","status-publish","hentry"],"_links":{"self":[{"href":"https:\/\/eclisseetbrindille.fr\/index.php\/wp-json\/wp\/v2\/pages\/1720","targetHints":{"allow":["GET"]}}],"collection":[{"href":"https:\/\/eclisseetbrindille.fr\/index.php\/wp-json\/wp\/v2\/pages"}],"about":[{"href":"https:\/\/eclisseetbrindille.fr\/index.php\/wp-json\/wp\/v2\/types\/page"}],"author":[{"embeddable":true,"href":"https:\/\/eclisseetbrindille.fr\/index.php\/wp-json\/wp\/v2\/users\/1"}],"replies":[{"embeddable":true,"href":"https:\/\/eclisseetbrindille.fr\/index.php\/wp-json\/wp\/v2\/comments?post=1720"}],"version-history":[{"count":45,"href":"https:\/\/eclisseetbrindille.fr\/index.php\/wp-json\/wp\/v2\/pages\/1720\/revisions"}],"predecessor-version":[{"id":1869,"href":"https:\/\/eclisseetbrindille.fr\/index.php\/wp-json\/wp\/v2\/pages\/1720\/revisions\/1869"}],"wp:attachment":[{"href":"https:\/\/eclisseetbrindille.fr\/index.php\/wp-json\/wp\/v2\/media?parent=1720"}],"curies":[{"name":"wp","href":"https:\/\/api.w.org\/{rel}","templated":true}]}}